 3, 71, 499
What are the prime factors of 625589?
625589
List the prime factors of 6839463.
3, 239, 9539
What are the prime factors of 16702118?
2, 31, 269389
What are the prime factors of 11375553?
3, 7, 541693
List the prime factors of 1833755.
5, 7, 11, 433
List the prime factors of 3815155.
5, 763031
List the prime factors of 131048.
2, 16381
List the prime factors of 893596.
2, 11, 23, 883
List the prime factors of 10107070.
2, 5, 101, 10007
List the prime factors of 665536.
2, 10399
What are the prime factors of 458198?
2, 13, 17623
What are the prime factors of 4131814?
2, 2065907
List the prime factors of 3498699.
3, 83, 14051
List the prime factors of 4449948.
2, 3, 23, 701
List the prime factors of 2389402.
2, 19, 227, 277
List the prime factors of 3894419.
3894419
What are the prime factors of 352539?
3, 11, 1187
What are the prime factors of 1404853?
37, 43, 883
What are the prime factors of 54020?
2, 5, 37, 73
What are the prime factors of 1981599?
3, 29, 22777
List the prime factors of 36716349.
3, 23, 29, 59, 311
What are the prime factors of 417073?
193, 2161
What are the prime factors of 8620?
2, 5, 431
List the prime factors of 7530161.
7530161
What are the prime factors of 274864?
2, 41, 419
List the prime factors of 190669.
190669
What are the prime factors of 254426?
2, 23, 5531
List the prime factors of 339184.
2, 17, 29, 43
What are the prime factors of 4167366?
2, 3, 7, 99223
List the prime factors of 4235781.
3, 11, 47, 2731
List the prime factors of 491473.
19, 25867
List the prime factors of 4233490.
2, 5, 331, 1279
What are the prime factors of 3240791?
47, 53, 1301
List the prime factors of 53494.
2, 7, 3821
List the prime factors of 7980236.
2, 11, 67, 2707
List the prime factors of 432708.
2, 3, 107, 337
What are the prime factors of 29117120?
2, 5, 19, 4789
What are the prime factors of 17147132?
2, 37, 115859
What are the prime factors of 3294580?
2, 5, 164729
List the prime factors of 434743.
434743
List the prime factors of 105026.
2, 17, 3089
What are the prime factors of 10416463?
10416463
What are the prime factors of 41282861?
23, 37, 139, 349
What are the prime factors of 4486396?
2, 1121599
List the prime factors of 2899438.
2, 19, 41, 1861
What are the prime factors of 312782?
2, 43, 3637
What are the prime factors of 84983?
17, 4999
List the prime factors of 2007613.
2007613
List the prime factors of 684472.
2, 67, 1277
List the prime factors of 122382.
2, 3, 13, 523
List the prime factors of 5316380.
2, 5, 265819
List the prime factors of 181581.
3, 60527
List the prime factors of 43669732.
2, 23, 474671
What are the prime factors of 35075993?
29, 1209517
List the prime factors of 220305.
3, 5, 19, 773
List the prime factors of 2372190.
2, 3, 5, 107, 739
What are the prime factors of 590353?
29, 20357
What are the prime factors of 338249?
17, 101, 197
What are the prime factors of 1283960?
2, 5, 32099
List the prime factors of 1412686.
2, 11, 157, 409
What are the prime factors of 208788?
2, 3, 127, 137
List the prime factors of 77702.
2, 38851
List the prime factors of 5097356.
2, 11, 115849
What are the prime factors of 1190778?
2, 3, 198463
What are the prime factors of 347836?
2, 86959
What are the prime factors of 3708462?
2, 3, 29, 21313
List the prime factors of 266309.
79, 3371
What are the prime factors of 5905501?
7, 843643
List the prime factors of 3585664.
2, 109, 257
List the prime factors of 10957821.
3, 7, 23, 463
List the prime factors of 13358514.
2, 3, 13, 171263
List the prime factors of 3429785.
5, 19, 79, 457
What are the prime factors of 18954767?
13, 37, 157, 251
List the prime factors of 128608.
2, 4019
What are the prime factors of 75308?
2, 67, 281
List the prime factors of 5728539.
3, 1909513
What are the prime factors of 11267450?
2, 5, 225349
List the prime factors of 206624.
2, 11, 587
What are the prime factors of 27461141?
37, 742193
What are the prime factors of 1821273?
3, 607091
List the prime factors of 8028453.
3, 2676151
What are the prime factors of 4701992?
2, 587749
List the prime factors of 293727.
3, 7, 71, 197
What are the prime factors of 404830?
2, 5, 40483
List the prime factors of 1794927.
3, 223, 2683
List the prime factors of 4145.
5, 829
What are the prime factors of 13563552?
2, 3, 17, 8311
What are the prime factors of 6823683?
3, 28081
What are the prime factors of 6109350?
2, 3, 5, 13, 241
What are the prime factors of 5050601?
5050601
List the prime factors of 8861659.
8861659
List the prime factors of 397439.
7, 8111
What are the prime factors of 1315827?
3, 146203
List the prime factors of 3170723.
3170723
What are the prime factors of 939150?
2, 3, 5, 2087
What are the prime factors of 23607227?
7, 3372461
List the prime factors of 345206.
2, 172603
What are the prime factors of 4412363?
83, 53161
What are the prime factors of 15428308?
2, 7, 23, 23957
List the prime factors of 101181.
3, 29, 1163
List the prime factors of 11716713.
3, 1301857
List the prime factors of 619682.
2, 7, 44263
What are the prime factors of 413619?
3, 137873
List the prime factors of 91033.
91033
List the prime factors of 234452.
2, 58613
List the prime factors of 4029734.
2, 2014867
List the prime factors of 140777.
7, 13, 17
List the prime factors of 1595965.
5, 7, 45599
What are the prime factors of 91549?
83, 1103
What are the prime factors of 249727?
249727
What are the prime factors of 526030?
2, 5, 41, 1283
List the prime factors of 4054.
2, 2027
List the prime factors of 16766128.
2, 1047883
What are the prime factors of 4529698?
2, 53, 151, 283
List the prime factors of 185863.
23, 8081
List the prime factors of 9293428.
2, 31, 149, 503
List the prime factors of 263221.
7, 31, 1213
List the prime factors of 1765439.
13, 139, 977
What are the prime factors of 1713285?
3, 5, 7, 37
List the prime factors of 3791585.
5, 7, 127, 853
What are the prime factors of 2094759?
3, 232751
List the prime factors of 8293644.
2, 3, 41, 1873
What are the prime factors of 8636275?
5, 345451
What are the prime factors of 1250910?
2, 3, 5, 41, 113
List the prime factors of 253201.
13, 19477
What are the prime factors of 193800?
2, 3, 5, 17, 19
What are the prime factors of 4527?
3, 503
List the prime factors of 10632774.
2, 3, 347, 5107
What are the prime factors of 13601?
7, 29, 67
List the prime factors of 425646.
2, 3, 13, 17, 107
What are the prime factors of 460668?
2, 3, 13, 2953
List the prime factors of 9401760.
2, 3, 5, 6529
List the prime factors of 148350.
2, 3, 5, 23, 43
What are the prime factors of 19265537?
19265537
List the prime factors of 280571.
37, 7583
List the prime factors of 556862.
2, 41, 6791
List the prime factors of 149084.
2, 13, 47, 61
List the prime factors of 27135525.
3, 5, 361807
List the prime factors of 1501894.
2, 277, 2711
What are the prime factors of 167089?
13, 12853
List the prime factors of 1643367.
3, 11, 19, 2621
What are the prime factors of 7492869?
3, 17, 48973
What are the prime factors of 1997799?
3, 59, 11287
List the prime factors of 300919.
113, 2663
List the prime factors of 1567.
1567
What are the prime factors of 111371?
13, 659
What are the prime factors of 20042?
2, 11, 911
List the prime factors of 15244419.
3, 1373, 3701
What are the prime factors of 1796699?
1796699
List the prime factors of 18090357.
3, 6030119
List the prime factors of 2258458.
2, 1129229
List the prime factors of 20316833.
19, 1069307
What are the prime factors of 11712383?
43, 272381
What are the prime factors of 426871?
426871
What are the prime factors of 91249?
91249
List the prime factors of 20959629.
3, 6986543
What are the prime factors of 1486501?
1486501
List the prime factors of 215915.
5, 7, 31, 199
What are the prime factors of 333039?
3, 7, 15859
What are the prime factors of 14286610?
2, 5, 13, 109897
What are the prime factors of 5822203?
31, 293, 641
List the prime factors of 16184718.
2, 3, 11, 2477
What are the prime factors of 246468?
2, 3, 19, 23, 47
What are the prime factors of 7680?
2, 3, 5
List the prime factors of 565770.
2, 3, 5, 18859
List the prime factors of 1413736.
2, 61, 2897
List the prime factors of 881761.
53, 127, 131
List the prime factors of 7920397.
19, 443, 941
What are the prime factors of 698553?
3, 